f(1)?
3
Let i(b) = b**2 - 2*b - 1. Let s be i(-1). Let x = s - -3. What are the prime factors of x?
5
Suppose -6*l + l = -205. What are the prime factors of l?
41
Let s(w) = w**2 + 5*w + 6. Let x be s(-5). Suppose j + 12 = 4*j. Suppose -u + j = -x. What are the prime factors of u?
2, 5
Let s(u) = -u**3 - 5*u**2 - u. Let l be 4/16 + (-21)/4. Let j be s(l). Suppose 3*d = 19 + j. List the prime factors of d.
2
Suppose 3*a + 44 = -a - 3*k, -2*a + 4 = -5*k. List the prime factors of (a/(-5) - 1)*15.
3
Let a(d) = d**2 - 3*d + 4. Let i be a(4). Suppose 2*u - i - 2 = 0. Suppose -5*f = -z - 16, 5*f + u*z - 11 = z. What are the prime factors of f?
3
Let p(d) = -d**2 + d. Let m be p(1). Let a(l) = l**3 - 8*l**2 + 8*l - 7. Let h be a(7). Suppose 3*n - 18 + m = h. List the prime factors of n.
2, 3
List the prime factors of (-8)/20 - 3/((-30)/1384).
2, 3, 23
Suppose 2*r - 18 = -5*p, -5*r - p + 30 = 4*p. Let z(j) = -3 + 3*j + 0 + 0. List the prime factors of z(r).
3
Suppose -9 + 64 = 5*y. Let t = y - 8. What are the prime factors of t?
3
Suppose -75 = -8*g + 3*g. List the prime factors of -10*1*g/(-10).
3, 5
Suppose -b - 2*b - 2*j = 8, 0 = 3*b - 5*j + 22. Let i = b - -6. What are the prime factors of i?
2
What are the prime factors of (-11)/(-22)*(17 - 1)?
2
List the prime factors of 4/6*(-2295)/(-6).
3, 5, 17
Let c be 6/(-1 + 2/(-2)). Let r = 6 + c. What are the prime factors of r?
3
Let j(a) = a**2 + 3*a - 2. Let c be j(-3). Let z be 3/6*(-28)/c. Suppose 3 = i - z. List the prime factors of i.
2, 5
Let o = 24 + -9. Suppose -5*q + 4*q + t = -15, o = -3*t. What are the prime factors of q?
2, 5
Suppose -2*x - s = -20 + 2, 4*x + 5*s = 42. Let k = x + -5. List the prime factors of k.
3
Let c(q) = 8*q - 4. Let v be c(4). Suppose 3*g - 74 = 6*j - j, j + v = g. Suppose -5*z - 86 = -3*y - g, 2*z - 25 = -3*y. List the prime factors of y.
11
Suppose 87 = 3*t - 126. List the prime factors of t.
71
Let u(v) = -17*v. Let m be u(-1). Let p = -2 + m. List the prime factors of p.
3, 5
Suppose -3*t = -53 + 143. Let d be t/4*32/(-10). Suppose -5*i = -i - 3*k - d, 5*i - k = 41. What are the prime factors of i?
3
Let q = 1 + 2. Suppose 48 = q*i - 42. What are the prime factors of i?
2, 3, 5
Let l = 16 - 12. Suppose -l*i + i - 4*q = 7, -14 = 2*i + 5*q. What are the prime factors of i?
3
Let n be (-1)/2*-2 + 15. Suppose -4*h - n = -56. List the prime factors of h.
2, 5
Let x = -9 - -15. What are the prime factors of ((-14)/x)/(4/(-12))?
7
Let v = 9 + 6. List the prime factors of v.
3, 5
Suppose 4*o - j - 94 = 0, 0 = -3*o + 3*j - 7 + 82. List the prime factors of o.
23
Suppose -3*t = -2*t - 3. Suppose -4 - 35 = -t*r. List the prime factors of r.
13
Suppose 0*l = -2*l + 4. Suppose l*i - 8 = -2*d, 5*d - 11 = -i - 3. List the prime factors of i.
3
Suppose -3*g - 16 = 3*a - 55, -2*a - 30 = -2*g. Let j = 0 + g. What are the prime factors of j?
2, 7
Let g = 6 - -6. List the prime factors of g/10*(-1 + 11).
2, 3
Let j be 35 - (-2)/2*1. Suppose -6*r + r = 125. Let d = r + j. What are the prime factors of d?
11
Suppose -4*y = 4, -z - y + 6*y = -90. List the prime factors of z.
5, 17
Let p(j) = -j**3 + 3*j**2 + j - 4. Let s be p(3). Let n(k) = 4*k**2 - k - 1. List the prime factors of n(s).
2
Suppose 18*x - 17*x = 56. List the prime factors of x.
2, 7
Let c be (38/6)/((-2)/6). Suppose 108 = 4*f + 3*j, -3*f - 5*j + 70 = -0*f. Let t = c + f. What are the prime factors of t?
11
Let q be (8/18)/(-2) + 303/27. Let b(m) = -5 + 4*m - m**3 + 10*m**2 + 10*m - 2*m. What are the prime factors of b(q)?
2, 3
Let y = -3 + 7. Suppose -2*c = 2*r - 40, r - y*c - 7 = 3. What are the prime factors of r?
2, 3
Suppose -2*i + 6*i + 2 = j, -3*i = -5*j - 41. Suppose 4*z = 2*z - 2, 4*z = 2*u. What are the prime factors of (-5)/j - 23/u?
2, 3
Let s = 150 - 115. List the prime factors of s.
5, 7
Let v = -6 - -9. Suppose v*x + 6 = 4*x. What are the prime factors of x?
2, 3
Let f = -5 + 8. Let w be 3/f*1 + -11. Let c(t) = -t**2 - 10*t + 3. What are the prime factors of c(w)?
3
Suppose -4*z + 40 = i - 146, -2*z = 5*i - 912. List the prime factors of i.
2, 7, 13
Let c be 130/50 - 2/(-5). What are the prime factors of 87/9*c - 2?
3
Let i(m) = 4*m**2 - 3*m - 4. Let t(r) = -2*r**2 + r + 2. Let o(k) = -6*i(k) - 11*t(k). Let s be o(5). Let j = -2 - s. List the prime factors of j.
11
Suppose u = r + 4*r + 27, -u = -r - 23. List the prime factors of u.
2, 11
Suppose -3*f = 64 - 4. Let i(k) = k - 32. Let d be i(0). List the prime factors of 4/10 + d/f.
2
Let i = 45 + -32. Suppose i - 57 = 4*r + 5*x, 5*r + 2*x = -55. Let f = 17 + r. List the prime factors of f.
2, 3
Suppose -3*y - 4*a + 87 = -231, 2*a + 106 = y. List the prime factors of y.
2, 53
Let w(r) = -r**2 - 26*r - 40. What are the prime factors of w(-16)?
2, 3, 5
Let z = 9 + -4. Suppose 5*d - 10 - z = 0. What are the prime factors of d?
3
Let v = -22 + 15. Let j = 36 + -18. Let k = v + j. What are the prime factors of k?
11
Let h(c) = 3*c + 8 - 6*c**2 - 2*c + 5*c**2. What are the prime factors of h(0)?
2
Let q be (-1)/(-3 + (-336)/(-111)). Let o = q - -63. What are the prime factors of o?
2, 13
Suppose 0 = -g - 5*l + 226, 5*g = -0*l + 4*l + 1043. What are the prime factors of g?
211
Suppose 12 - 3 = -3*q, -4*q = -4*p + 12. Let t(o) = o**2 - 11*o + 9. Let z be t(11). Suppose d + p = z. List the prime factors of d.
3
Suppose -30 = -2*o + 16. Let u = -10 + o. What are the prime factors of u?
13
Let p = 26 - 4. Let h = p + -11. List the prime factors of h.
11
Let i(c) = c**3 + 5*c**2 + c - 5. Let k be i(-4). Let g(z) = 3*z. What are the prime factors of g(k)?
3, 7
Let u = 15 - 11. Let f = -4 + u. Suppose 0 = s - f - 3. What are the prime factors of s?
3
Let n = -8 + 2. Let o(f) = f**3 + 6*f**2 + 8. List the prime factors of o(n).
2
Let u(f) = 9 - 6 - f**2 + 0*f - 2*f. Let k be u(-3). Suppose -3*r + 15 = -k. List the prime factors of r.
5
Let w(s) be the third derivative of -s**4/8 - 5*s**3/6 + 3*s**2. What are the prime factors of w(-5)?
2, 5
Let r = 43 - 3. Suppose 5*n = 180 - r. Suppose 20 + n = 4*t. List the prime factors of t.
2, 3
Let t = 1 + 5. Suppose 0 = t*q - q - 5. Suppose -x + 3 = q. What are the prime factors of x?
2
Let x be (19 - 1)/(3 - 2). Suppose 4*a - x = a. Suppose -4*d + 2 = -5*m - d, 5*m - d = a. What are the prime factors of m?
2
Let k = -190 - -324. List the prime factors of k.
2, 67
Let o = -202 + 358. What are the prime factors of o?
2, 3, 13
Let v = 53 - 36. What are the prime factors of v?
17
Suppose 4*u + 2*d - 45 - 131 = 0, -3*u = -5*d - 106. Suppose 0 = 3*m - y - u, 4*m - 7*y = -4*y + 51. List the prime factors of m.
3, 5
Let q(d) = -d**3 - 6*d**2 + 8*d + 10. What are the prime factors of q(-7)?
3
Let f(q) = q + 12. Let l be f(-7). Suppose -2*d + 24 = 4*m, 26 - 1 = l*m. Suppose -y = d*r - 10, -18 = -0*y - y + 2*r. List the prime factors of y.
2, 7
Let d(x) = -x**2 + 11*x - 10. Let i be d(11). Let u = 17 + i. What are the prime factors of u?
7
Suppose 2*h + 2*h - 56 = 0. List the prime factors of h.
2, 7
Suppose 2*d + 24 = -2. Suppose 5*q - 147 = -42. Let o = q + d. What are the prime factors of o?
2
Let k = 15 - 8. Let f = -10 + k. List the prime factors of 69/9 - 1/f.
2
Suppose o - 51 - 18 = 0. Suppose 5*p = 2*u + o + 55, -5*u = 5*p - 145. What are the prime factors of p?
2, 13
Suppose -5*h - 7 = -32. Suppose -2*y - 2 = h*n - 34, -3*y - 4*n + 48 = 0. Suppose 0 = -5*d + 29 + y. What are the prime factors of d?
3
Suppose 4*s + 5*v + 11 = 0, s = -v - v - 5. Suppose -s = 4*j - 13. Suppose -2*u - 4*i = -j*u + 28, -37 = -4*u + i. What are the prime factors of u?
2
Let u be (-11)/9 + 6/27. Let g = u - -3. What are the prime factors of 14/(-4)*(0 - g)?
7
Suppose 1259 = 3*o + r, o = 5*r + 288 + 153. List the prime factors of o.
421
Suppose -13 - 17 = -5*t. Let h = t + 4. What are the prime factors of h?
2, 5
Let w(j) = 203*j**3. What are the prime factors of w(1)?
7, 29
Suppose -5*l + 20 = 0, -6*c - l = -c - 239. What are the prime factors of c?
47
Let n be (-1)/(2*(-1)/4). Suppose n*g - 25 = 5. What are the prime factors of g?
3, 5
Let j = 11 + -6. Suppose -2*x - 4 + 3 = d, 4*d = -5*x + j. Suppose b - d*t + 6 = -6, -4*t = -3*b + 8. What are the prime factors of b?
2
Let p = 0 + 3. Let c be -3 - (-2 - -2 - 3). Suppose -5*g + z + 34 = c, 5*g = 4*g -